 s be ((-48)/7)/2*v. Suppose 2*p = 4*g - 46, 2*g + 3*p - 63 = -3*g. What is the highest common factor of s and g?
12
Let p = 223 - 172. What is the highest common divisor of 136 and p?
17
Let k = 28 - -35. Calculate the greatest common factor of k and 72.
9
Let i(v) = 99*v. Let n be i(2). Suppose -15*h + 35*h = 360. What is the highest common divisor of n and h?
18
Suppose -5*i - 34 = -4*h, -3*i - 37 = -3*h - 13. Calculate the greatest common divisor of h and 606.
6
Let t be (-2)/((-4)/6) - -7. Suppose -2*a - t = -s - 3*a, 0 = -3*a. Let q be (-12)/8*s/(-15). Calculate the greatest common divisor of 5 and q.
1
Let c = 26 - -3. Let a(m) = m + 57. Let q be a(0). Suppose -j + 1 + q = 0. What is the greatest common divisor of j and c?
29
Suppose 5 = -2*j - 2*g + 1, j = 5*g + 28. Suppose 480 + 315 = 53*s. Calculate the highest common divisor of s and j.
3
Let t be (-3)/(-9) + 1 + (-295)/3. Let y = t + 110. What is the highest common divisor of 143 and y?
13
Let j = -24 - -34. Let t be (1 - 1 - 2)*(-174)/12. Suppose j = -24*o + t*o. What is the highest common factor of 3 and o?
1
Let r be (3 - (-26)/(-6))*-6. Let l be r/20 - 624/(-15). Calculate the greatest common divisor of l and 63.
21
Suppose 5 = -d, 20 = 4*g - 5*d - 53. Suppose -44 = -y - g. Calculate the greatest common divisor of 224 and y.
32
Let m be (-150)/(-15)*(-4)/(-10). Suppose 8*h - m = 6*h. Let y = 18 - h. Calculate the greatest common divisor of 8 and y.
8
Let t = 851 - 591. Calculate the highest common factor of 20 and t.
20
Let f(d) = -d + 9. Let v be f(3). Let i(n) = -n - 5. Let j be i(-7). Suppose 0 = j*u + y - 13, 2*y + 29 = 5*u + y. What is the highest common factor of v and u?
6
Let b(o) = o**2 + 2*o + 4. Let l be b(-5). Let w be 2/(-12) + l/6. Suppose 0*m - 75 = -w*m. What is the greatest common factor of m and 200?
25
Suppose -7*s - 3*r + 8247 = 0, -s - 2*r + 1056 + 130 = 0. What is the highest common divisor of 24 and s?
24
Let r(m) = -5*m + 2. Let u be r(-8). Let z be 40/u*3 + (-1)/(-7). Calculate the highest common divisor of z and 3.
3
Let u = -160 + 211. Calculate the highest common divisor of 68 and u.
17
Suppose -2 = 3*o - 5*c - 22, 5*o - 3*c - 12 = 0. Suppose -2*d = -a - 1, a + o + 3 = 3*d. Calculate the greatest common factor of a and 3.
3
Let z = 5 - 4. Suppose 4*m = 19 + z. Suppose -m*t + 88 + 22 = 0. What is the highest common divisor of t and 55?
11
Suppose 5*p = -4*c + 491, 5*p + 47*c = 45*c + 483. Calculate the greatest common divisor of p and 133.
19
Let l = -7 + 10. Suppose l*k - 5 = 16. Calculate the greatest common factor of k and 49.
7
Suppose 0 = 4*h + 2 - 14. Suppose -p - h*s = -92, -p + 0*s + 72 = -2*s. Calculate the greatest common factor of 10 and p.
10
Suppose 0 = 2*z + 8, -z = 4*y - 5*z - 176. Calculate the highest common divisor of y and 30.
10
Let r(a) = 2*a**2 - a - 15. Suppose 0 = 3*y, 1 = -k + y - 3. Let g be r(k). Calculate the highest common factor of 42 and g.
21
Suppose 24*m - 32261 = 4987. What is the greatest common factor of 8 and m?
8
Suppose 2*k = 3*r - 61, 2*r = -k - 2*k + 32. What is the greatest common divisor of r and 171?
19
Let u = -15 - -37. Suppose -x + 3*h + u = 0, -2*h - 4 = -0*h. Let j = 24 - x. Calculate the greatest common factor of j and 72.
8
Let l be 26/39 - 104/(-6). What is the highest common factor of l and 288?
18
Let z = -436 - -449. Let c be 4/6 - (-154)/3. Calculate the highest common factor of z and c.
13
Let g(w) = -w**2 + 150. Let j be g(0). Let m be (-20 - -20)/(1*-2). Suppose -8*t + 0*t + 480 = m. What is the greatest common divisor of j and t?
30
Suppose -3*a + 418 = -2*c, 2*c - 142 = -0*a - a. What is the highest common divisor of a and 105?
35
Suppose 3*s + 5*o = 34, -4*s + o + 19 = -57. Let c be -1 - (-1)/2*2. Let h = c - -6. Calculate the highest common divisor of s and h.
6
Suppose 145 - 1 = 6*d. Let v = 54 - d. Let b be (-5)/(-2)*(1 - -5). What is the highest common divisor of v and b?
15
Let j be -18*(4 + (-14)/3). Let l(m) = 5*m - 14. Let r be l(10). Calculate the highest common factor of r and j.
12
Suppose -5*g - 5 = 0, -4*d + 10*g - 14*g = -1148. What is the highest common factor of d and 32?
32
Suppose -2*k + 7*k - 480 = 0. Suppose -z = -16*z + 180. What is the highest common factor of z and k?
12
Let x(z) = -27*z - 97. Let k be x(-4). Calculate the greatest common divisor of k and 3.
1
Let u(k) be the second derivative of k**3/2 + 18*k**2 - 8*k. Let w be u(0). What is the greatest common factor of 24 and w?
12
Let b be (-1880)/(-45) - 2/(-9). Calculate the greatest common factor of b and 24.
6
Let n be (-1)/4 - (33/12 - 3). Suppose -3*k + 4*t + 15 = n, 3*t = -2*k + t - 4. What is the greatest common divisor of k and 1?
1
Let s(m) = -m**2 + 25*m - 129. Let i be s(16). Calculate the highest common factor of i and 10.
5
Suppose 0 = 4*j + r - 20 - 30, -2*j - 3*r = -20. What is the greatest common factor of j and 13?
13
Suppose -6 = 4*w - 14. Suppose 19 = 3*f + z, 0 = -5*f - w*z + 2 + 31. What is the highest common divisor of f and 20?
5
Suppose -1152 = -732*t + 716*t. Calculate the highest common factor of 126 and t.
18
Let p be 1/(-2) - 3/2. Let g be 138*(-1 - 3/p). Suppose -8*f - 2716 = -3084. What is the highest common factor of f and g?
23
Let h = -19 - -82. Calculate the highest common divisor of 21 and h.
21
Suppose -w + 2*w - 23 = -3*r, 0 = w - 5*r + 17. Calculate the highest common factor of 184 and w.
8
Let n be -2 + 0 + 1 + 1. Suppose c + 3*c - 4 = n. Let f be 3*((-6)/c)/(-2). Calculate the greatest common factor of 45 and f.
9
Suppose 3*m - 2*o = 2*m + 77, m - 73 = -2*o. Suppose q = -3*s + 7*s - 395, -s + 5*q = -m. Calculate the highest common factor of s and 20.
20
Suppose -158 = -2*w + 50. Let s = -1926 + 1952. Calculate the greatest common divisor of s and w.
26
Let q be 1/4 - (-19)/4. Suppose 0 = 4*t - 20, -2*t = q*z - t - 305. Calculate the greatest common divisor of 12 and z.
12
Let i(z) = -z**2 - 23*z + 300. Let o be i(-24). Calculate the highest common factor of 24 and o.
12
Suppose -1880 = -38*w + 33*w. Calculate the highest common divisor of 47 and w.
47
Suppose 9 - 59 = -2*f. Suppose 33*x - 1463 = -638. What is the highest common divisor of x and f?
25
Suppose -134 = -5*v - 24. Let n be (-3)/(9/(-651)) + 4. Let l = -133 + n. Calculate the greatest common divisor of v and l.
22
Let z = -18 - -12. Let i be (-5)/(-15) + (-28)/z. Suppose 16 + 9 = i*r. Calculate the greatest common factor of 15 and r.
5
Let w(s) = -s**2 - 11*s - 24. Let y be w(-11). Let c = -14 - y. What is the highest common divisor of c and 25?
5
Let w = 302 + -290. What is the greatest common divisor of w and 12?
12
Let w = 68 - 38. Suppose 5*d - 75 - 15 = -h, 5*d = 15. What is the greatest common factor of w and h?
15
Let v(p) = -p**3 - 2*p**2 + p + 3. Let u be v(-3). Suppose x + 5*o - o = u, 3*o + 2 = -2*x. Let j = -2 - x. Calculate the greatest common divisor of 20 and j.
5
Let u = -5 + 11. Suppose 14 = -5*w + u*w. What is the highest common divisor of w and 70?
14
Let f(i) = -i**2 - 16*i - 40. Let s be f(-8). What is the greatest common divisor of 8 and s?
8
Let d = 1045 + -345. Calculate the highest common divisor of 56 and d.
28
Suppose 8*g = 13*g - 505. Let z be (-1 - g/(-9)) + (-4)/18. Calculate the highest common divisor of z and 80.
10
Suppose 0*t + 5*t + 95 = 5*r, -t = 5*r - 89. Let g be 2 - (r/1 - 0). Let j = -4 - g. What is the highest common factor of j and 132?
12
Let b be 427/2 - 9/(-18). Let a be b + 1 + (-9)/(-3). Let n = 316 - a. What is the highest common factor of n and 14?
14
Let b = -29 + -3. Let d = b - -58. Calculate the highest common factor of 39 and d.
13
Suppose -2*x - 3 = -23. Suppose t - 2 + x = 0. Let k = t - -21. Calculate the greatest common divisor of 13 and k.
13
Suppose -3*t + w - 7*w = -144, 5*t - 3*w = 292. Calculate the greatest common divisor of t and 56.
56
Let h = 545 + -533. Let z(p) = p**3 - 4*p**2 - 2*p - 1. Let b be z(7). Calculate the greatest common factor of b and h.
12
Let r be (-2)/(-13) - (-460)/52. Suppose 17*t = 14*t + r. Calculate the highest common factor of 3 and t.
3
Let j(d) = 12*d - 70. Let z be j(6). Calculate the highest common factor of 5 and z.
1
Let u(k) = 0*k**3 - k**3 + 244 - 1. Let a be u(0). Let y = 100 + -73. What is the highest common 